5/(-15))/(-7). Let u(f) be the second derivative of f**4/6 + f**3/6 - f**2/2 + f. Calculate u(n).
14
Let t(i) = i**2 - 7*i + 7. Let j be t(5). Let w be (8/6)/(1/j). Let h(x) = -x + 2. Let u be h(w). Let v(p) = -p**3 + 6*p**2 - 5. What is v(u)?
-5
Let v(b) = -b**2 + 7*b - 3. Suppose -4*u = 5*w - 31, -2 - 12 = -2*u - 2*w. Suppose 0 = 3*i + 3*k - 24, -u*k + 28 - 10 = 2*i. Calculate v(i).
-3
Let l(r) be the first derivative of -27 + 4*r - 1/2*r**2. Let g = 2 - -2. Determine l(g).
0
Let s(t) be the second derivative of -t**3/2 + t**2/2 + t + 4. Let o be ((-1)/3)/(2/(-6)). Calculate s(o).
-2
Let y(i) = -i**3 + 15*i**2 - 11*i - 29. Let n = 583 - 569. Give y(n).
13
Let u(i) be the second derivative of i**3/6 - 9*i**2 + 109*i. Determine u(14).
-4
Suppose 26 = -3*h + 4*h. Let i = h - 26. Let f(j) be the first derivative of j**2/2 + 4*j + 1. Give f(i).
4
Let c(o) = 4*o**3 - 37*o**2 - 23*o + 36. Let d(a) be the first derivative of a**4/4 - 3*a**3 - 3*a**2 + 9*a - 15. Let h(q) = -2*c(q) + 9*d(q). Give h(8).
9
Suppose 5*q + 5 = -0. Let w = 1 - q. Let t(l) = -l + 0*l**2 + 1 + 2*l**2 - 7*l**w - l**2. Determine t(1).
-6
Let b = 113 + -121. Let j(d) be the second derivative of d**3/6 + 2*d**2 + d. Determine j(b).
-4
Let f(p) = p**3 + p**2 + p - 5*p**2 + 83 - 88. Suppose 3*w = c, 5*c - w + 0*w = 0. Suppose -3*l - 4 = 2*n - c*l, -12 = 3*l. What is f(n)?
-1
Let h(v) be the first derivative of v**4/4 + 11*v**3/3 + 11*v**2/2 - 3*v + 57. Give h(-10).
-13
Let n = -810 + 807. Let r(a) = -4*a**2 + 3*a + 1. Let g(x) = -9*x**2 + 7*x + 1. Let y(c) = 3*g(c) - 7*r(c). Give y(n).
5
Let l(r) = r - 6. Let h(m) = 20*m**3 + 68*m**2 + 17*m + 15. Let d(c) = -7*c**3 - 23*c**2 - 6*c - 5. Let j(t) = 17*d(t) + 6*h(t). Let y be j(-17). Give l(y).
-1
Let b(r) = 2*r**3 + 3*r**2 - 25*r - 2. Let m(f) = -f**3 - 2*f**2 + 11*f + 1. Let j(s) = -4*b(s) - 9*m(s). Determine j(-6).
-7
Let c(q) be the third derivative of -5*q**4/8 + q**3/6 + 332*q**2. Calculate c(-2).
31
Let m(i) = 8*i**2 + 14*i - 2. Let w(f) = -9*f**2 - 15*f + 3. Let g(j) = 6*m(j) + 5*w(j). Calculate g(-4).
15
Let b(s) = 8*s - 31. Let w(x) = -4*x + 15. Let o(k) = -4*b(k) - 9*w(k). Determine o(4).
5
Let t = -4 + 5. Let y(d) be the third derivative of -7*d**6/60 - d**5/60 + d**4/24 - d**3/6 + 301*d**2. Calculate y(t).
-15
Let u(i) = -2*i**3 - 9256 + 18514 - 5*i**2 - 9260 - 2*i. Give u(-2).
-2
Let u(r) = 7812 - r - 3*r - 7828. What is u(-5)?
4
Let d(s) = s - 9. Suppose 9 = -4*q + 2*t - 9, 5*q - 5*t = -15. Calculate d(q).
-15
Let y be (-216)/(-16) - 3/(-6). Let g be (0 - 3)*4/(-6). Suppose 0*o + g*o = -y. Let q(b) = b**3 + 6*b**2 - 6*b + 6. What is q(o)?
-1
Let j(w) = 2*w**2 - 1. Let o(n) = -n**2 - 5*n - 4. Let k be o(-4). Suppose 4*c = 2 + 2, -2*b - 4*c + 2 = k. What is j(b)?
1
Let i(t) = t**3 + 3*t**2 - t - 1. Let f be i(-3). Suppose -f = -12*c + 11*c. Let y(n) = -n**2 - 2*n + 4*n - c + 2*n + n**3 - n**2. Give y(2).
6
Let s(h) = 0*h**2 - 43*h + 12*h + 13*h + h**2 + 13*h. Determine s(7).
14
Suppose 4*g + 12 = 2*s + 2*s, 5 = -s - 3*g. Let n(j) = -s + 2*j**2 - 10*j**3 + 6*j**3 + 5*j**3. What is n(-3)?
-10
Let x = -112 + 124. Let n(h) = -h**2 + 11*h - 3. Give n(x).
-15
Let f(g) be the first derivative of -g**3/6 + 3*g**2/2 + g - 4. Let b(y) be the first derivative of f(y). Let u = 13 - 19. What is b(u)?
9
Let p(a) = 5*a**2 - 23*a - 18*a**3 - 10*a**3 + 27*a**3 + 8 + 15*a. Calculate p(5).
-32
Let y = -13 + 12. Let j be y + 5/10*-10. Let g(t) = t**3 + 7*t**2 + 5*t + 4. What is g(j)?
10
Let i(p) = 3*p + 1. Let g be ((-1)/1)/((-11)/165). Let l = -14 + g. Determine i(l).
4
Let h be -14*((-2)/(-4) + -3). Let j(n) = -h + 35 - n**2 + n**3 - n. Calculate j(1).
-1
Let y(d) be the first derivative of d**6/360 - d**5/20 - d**4/8 + 22*d**3/3 - 1. Let w(c) be the third derivative of y(c). What is w(5)?
-8
Let z(h) be the second derivative of h**4/12 - h**3/6 + 7*h**2/2 + 12*h. Give z(0).
7
Suppose 5*c = d + 10 + 17, 4*d = -4*c + 36. Let p(s) = 293 + 85*s - 292 - 86*s. What is p(c)?
-5
Let i(t) = 0*t + 5*t - t - 9*t - 5*t. Calculate i(4).
-40
Let y(f) be the first derivative of -f**4/24 - 8*f**3/3 + 5*f**2/2 + 12. Let d(g) be the second derivative of y(g). What is d(0)?
-16
Let r = 22 + -16. Let c(w) = -7*w + 24. Let h(f) = -3*f + 11. Let v(z) = -2*c(z) + 5*h(z). Give v(r).
1
Let n(x) = -x**3 - 6*x**2 - 2*x + 5. Suppose -2*f = -4*a - 28, -3*a + f - 19 = -0*f. Determine n(a).
-10
Let j(m) = m**2 - 6*m - 6. Let v(b) = 7*b**3 - b**2 + 2*b - 3. Let d be v(-2). Let h = d + 72. What is j(h)?
-11
Let b(j) = -j**2 - 10. Let x(d) = -d**3 + 3*d**2 - d - 2. Let q be x(2). What is b(q)?
-10
Let p(y) = -1323*y**2 + 1324*y**2 + 12*y**3 + 9 - 10. Give p(1).
12
Let w(p) = -p**2 + 13*p - p**3 + 2 - 3*p**3 - 28*p - 18*p**2. Let b(y) = -3*y**3 - 13*y**2 - 10*y + 1. Let f(j) = -7*b(j) + 5*w(j). Determine f(4).
-17
Let l = 15 - 5. Suppose -5*b + 4*f = f + 31, 0 = -5*b - 5*f - 15. Let s be (b/l)/(2/4). Let k(w) = w + 2. Calculate k(s).
1
Let n(j) = -2*j - 1. Let h be -4*4/((-4)/5). Suppose v = 5*f + 17, -5*v + v + 4*f = -h. Suppose 3*b = -g - 11, v*b + 3*b - 3*g + 23 = 0. What is n(b)?
7
Let p(j) = -3 + 115*j + 123*j - 359*j + 120*j. Let n(t) = -t + 5. Let r be n(4). Let w(k) = -1. Let y(i) = r*p(i) - w(i). What is y(0)?
-2
Let x(a) = -a**2 - 4*a + 4. Let c(v) = -3 + 570*v + v**2 - 566*v + 0. Let w be 5/((1/(-1))/(-1)). Let b(s) = w*x(s) + 6*c(s). Determine b(-2).
-2
Let n(u) = -7*u**2 + 8*u - 1. Let y(w) = 3 + 0*w + 0*w + 11*w**2 - 1 - 12*w. Let v(q) = 8*n(q) + 5*y(q). What is v(4)?
2
Let c(g) = g**3 + 12*g**2 - g - 10. Let q(t) = -t**3 + 2*t**2 + 2*t - 12. Let z be q(0). What is c(z)?
2
Let s be 8/(4 + 0) + (-12)/(-2). Let j(a) = a**3 - 9*a**2 + 6*a + 9. Give j(s).
-7
Let s(o) be the third derivative of -o**6/120 - o**5/10 - o**4/8 + 2*o**3/3 - 110*o**2. Give s(-5).
-6
Let d(n) = -11*n**3 + 11*n**2 - 7*n - 83. Let h(z) = -4*z**3 + 3*z**2 - 2*z - 28. Let p(u) = 3*d(u) - 8*h(u). What is p(8)?
-1
Let n be -1*-2*18/(-4). Let h(q) = -3*q + 4. Let o(a) = 6*a - 9. Let k(w) = n*h(w) - 4*o(w). Suppose 3*c - 6 = t, -4*c + 10*t = 5*t + 3. Give k(c).
9
Let j(m) be the third derivative of -m**6/360 + 7*m**5/120 - m**4/8 - 5*m**3/3 - m**2 - 23. Let i(z) be the first derivative of j(z). Determine i(6).
3
Suppose 6*g - 255 = -11*g. Let b(v) = -v**2 + 12*v + 47. Determine b(g).
2
Let w(v) be the first derivative of -v**4/4 + 2*v**3 - v**2 + 6*v - 155. Calculate w(6).
-6
Suppose -8 = -2*i + 10. Let z be 2/3*i/2. Let u(v) = -z*v**2 + 4*v**2 + 4 - 1 + 8*v + 1. Give u(-6).
-8
Suppose 255 - 30 = -25*f. Let d(w) = -w**2 - 13*w - 12. Calculate d(f).
24
Let y(u) = 18*u**3 - 4*u**2 - 6*u - 20. Let g(c) = c**3 + c**2 + c + 4. Let x(v) = 5*g(v) + y(v). Give x(1).
23
Let f(z) = z**2 + 8*z + 3. Let g be 2/((-46)/(-8) - 6). Calculate f(g).
3
Suppose 5*y = 3*n + 34, 0*y - y = -2*n - 11. Let o = n + 12. Let i(m) = m**2 - 8*m - 11. Let s be i(o). Let d(f) = -4*f - 1. What is d(s)?
7
Let c(w) = 3*w**2 + 3*w + 37. Let i(g) = 3*g**2 + 3*g + 31. Let v(q) = -5*c(q) + 6*i(q). Give v(-2).
7
Let r(f) = -2*f + 10*f - 231 + 234. Give r(-3).
-21
Suppose -4*q = 4*g + 12, q - 7 = -2*g + 3*g. Let z(k) = 5*k + 7*k**3 - 8*k**q - 4*k - 6*k**3 + 0*k**3 - 11. Give z(8).
-3
Let p(z) = -45*z**3 - 42*z**2 - 26*z + 59. Let g(d) = -16*d**3 - 14*d**2 - 9*d + 20. Let k(r) = 17*g(r) - 6*p(r). Give k(7).
7
Suppose 2*l = 16 + 12. Let v be (-4)/l + 6/21. Let i(x) = x**2 - 3. Give i(v).
-3
Suppose 9*z = -1 + 28. Let b(j) = 3*j**2 + 2*j + 3. Give b(z).
36
Let x(b) = -b**3 + b**2 + 3*b + 2. Let j be x(-2). Let v(k) = 9*k**2 - 18*k**3 - 11*k**3 - 6*k**3 + 34*k**3 - 7*k - 2. Calculate v(j).
6
Let y(m) = 42 - 19 - 21 + 2*m. Let p(k) = -k - 2. Let u be p(2). Calculate y(u).
-6
Suppose 18 = -2*d + c - 2*c, -2*d - 10 = 5*c. Let t = d + 8. Let x(i) = i**3 - 4*i**2 - 2*i + 2. Calculate x(t).
-18
Suppose -l = -4*l - y + 17, l - 3*y + 1 = 0. Suppose 0 = -l*k - 5 + 35. Let i(d) = d**2 - 5*d - 3. Give i(k).
3
Let f(a) = -1. Let u(x) = x + 1. Let n be u(0). Let s(g) = 2*g + 6. Let t(r) = n*s(r) + 10*f(r). Suppose 3*k + 10 = -h, -30 = -h - 79*k + 84*k. Calculate t(h).
6
Let c(o) = 10*o**2 - 62 - 9*o**2 + 0*o + 61 - 2*o + 5*o. Determine c(-3).
-1
Let r = -91 - -98. Let t(o) = -o + 9. What is t(r)?
2
Let n(x) = -3*x - 26 + x**2 + 30 - x. Give n(3).
